73
What are the prime factors of 180/((270/108)/((-1)/((-6)/10)))?
2, 3, 5
What are the prime factors of (-1 + 2)/(51/608787)?
3, 23, 173
Let d(v) = 133*v + 94. Let u be d(30). Suppose 9*o + u = 14317. List the prime factors of o.
3, 379
Let p(l) = -l**2 - 7*l + 7. Let h be p(-7). Suppose h = -y + 10. Suppose -2*d = b - 105, -b + 56 = y*d - 45. List the prime factors of b.
113
What are the prime factors of (29324/8)/((-26)/(-104))?
2, 7331
Suppose -j + 2*z = 41 + 20, -3*j + 2*z = 179. What are the prime factors of j/(385/98 - 4)?
2, 7, 59
Let o(g) be the first derivative of 121*g**2/2 + 125*g - 17. List the prime factors of o(8).
1093
Let l(n) = n**2 - 7*n + 2. Let k be l(7). Suppose 4*h + 16 = 2*z, k*z - 7 - 7 = 3*h. What are the prime factors of ((-92)/(-6))/(h/(-3))?
23
Suppose -2*f = -3*l - 22549, 2*f - 32402 + 9845 = -5*l. List the prime factors of f.
2, 2819
Let b(z) be the second derivative of -z**5/5 - z**4/12 + 4*z**3/3 - 3*z**2 - 4*z + 5. List the prime factors of b(-5).
3, 11, 13
Let x(l) = l**2 - 15*l + 12. Suppose 0 = 2*s - 8*s + 102. Let m be x(s). Suppose i + m - 223 = 0. What are the prime factors of i?
3, 59
Suppose 0 = -7*w + 3*w - 0*w. Suppose 0 = -4*f - x + 5402, -2704 = -2*f - w*f - 2*x. What are the prime factors of f?
2, 3, 5
What are the prime factors of 6780 + 72/(8 - 14)?
2, 3, 47
List the prime factors of 5948 + -7 + (-14 + -2)/(-4).
5, 29, 41
Let t(b) = 28*b**3 - 3*b**2 + b + 3. Let l be t(-2). Let u = -115 - l. Let f = u + -93. List the prime factors of f.
3
List the prime factors of (12/(-8))/(21/6 - 2)*-17749.
17749
Suppose -17*m + 83*m - 229616 = -47*m. List the prime factors of m.
2, 127
What are the prime factors of 53030/4 - (-4)/8?
2, 7, 947
List the prime factors of (-375244)/(-9) + 7 - -1*(-2)/(-9).
11, 17, 223
Suppose -3*u + 2*a + 1 = 0, 52*u - 2*a + 5 = 51*u. Suppose 20*p + 3*m = 22*p - 2289, u*p = m + 3430. List the prime factors of p.
3, 127
Let x(u) = 12783*u**2 - 189*u + 188. What are the prime factors of x(1)?
2, 7, 11, 83
Let p(i) = 187*i**2 - 126*i - 1265. What are the prime factors of p(-10)?
5, 3739
Let b = 190 + -159. List the prime factors of 614 + 0 - 28/(b - 17).
2, 3, 17
Let l(b) = 40*b**2 - 49*b + 342. List the prime factors of l(9).
3, 349
Let u(q) = q**3 + 24*q**2 + 27*q + 41. Let b be -5 + -5 + -14 + 2*1. What are the prime factors of u(b)?
5, 83
Let w(i) = i**3 + 25*i**2 - 26*i - 41. Let s be w(-25). List the prime factors of (s/9)/((-10)/(-30)).
7, 29
Let v be (-19600)/(-84) + (-3)/9. Let g = v - -135. What are the prime factors of g?
2, 23
Suppose 2*j - 24 = -0. Suppose -7*n - 23 - 4 = -41. List the prime factors of (-504)/j*n/(-3).
2, 7
Suppose 8*t + g = 3*t + 34215, 4*t + 4*g - 27372 = 0. List the prime factors of t.
3, 2281
List the prime factors of 1/(-1) - (-4 + -68469 - (1 + -3)).
2, 5, 41, 167
Let o(x) be the first derivative of x**3 + 39*x**2 + 125*x - 138. What are the prime factors of o(-35)?
2, 5, 107
Let l(m) = -20*m - 87 + m + 5*m + 4*m. List the prime factors of l(-19).
103
Let z be 2/(1/1) + (3 - -6). Suppose 2*b + 167 = -3*q, -5*q = 5*b + z + 264. Let m = 153 + q. List the prime factors of m.
2, 3
Suppose -13*k = -8*k - 41745. Suppose 0 = 6*t - 29*t + k. What are the prime factors of t?
3, 11
Suppose -30*u = -21*u - 6795. Let h = u - -503. What are the prime factors of h?
2, 17, 37
Let i = 3 + 1. Suppose -y - i = -8. Suppose 0 = y*g - 130 - 230. List the prime factors of g.
2, 3, 5
Let v be ((-4)/3 - -2)/((-20)/(-60)). Suppose 0 = v*q - 15 + 5, 3*d - 3*q + 9 = 0. List the prime factors of d.
2
Let d(n) = n**3 - 2*n**2 - 5*n - 5. Let b be d(-2). List the prime factors of 38/209 + (-2 - 5751/b).
521
List the prime factors of (-448573)/(-15) + -2*9*7/(-945).
5, 5981
Suppose 3*h - 2*h = -3*p + 18, -5*p = -h - 22. List the prime factors of 5759/78*(3 + h).
443
Let y(s) = -307*s + 403. What are the prime factors of y(-12)?
61, 67
Let x = 3299 - -1145. What are the prime factors of x?
2, 11, 101
Let a be (246/5)/((-3)/15). Let w = -7659 + 7660. List the prime factors of w*(-7 - -4 - a).
3
Suppose -5*i = -7*i + 10. Suppose d = 3, 0*x - i*d = 4*x - 23. Suppose -3*m + 231 = -3*o, -2*m + x*o = 7*o - 189. What are the prime factors of m?
2, 41
Let k be 536/10*(0 - -5). Suppose 5*a = k + 1502. List the prime factors of a.
2, 3, 59
Let j(h) = -4*h**3 + 7*h**2 - 3*h - 13. Let l(t) = t + 0*t**3 + 5*t**3 + 7 - 3*t**3 - 4*t**2. Let a(g) = 4*j(g) + 7*l(g). What are the prime factors of a(-3)?
2, 3, 11
Let q be -159*5/(-165) + 10/55. Suppose -4*h - 3643 = -q*k - 5*h, 4*h = 12. What are the prime factors of k?
2, 7, 13
Let q be 26/65*(-5)/2. Let r(t) = -276*t**3 + 2*t**2 - t - 2. List the prime factors of r(q).
277
Suppose 3*n + 5*z + 107 = 0, -83 - 42 = 5*n - 5*z. Suppose -6*j = 147 + 141. Let o = n - j. List the prime factors of o.
19
Let s = 307 + -181. Let r = 252 - s. List the prime factors of r.
2, 3, 7
Suppose -3*p - 4*y + 16 - 4 = 0, p = 3*y - 9. Suppose p = u - 2844 + 2042. What are the prime factors of u?
2, 401
Let f = -25521 - -45027. What are the prime factors of f?
2, 3, 3251
Let x(m) = -72*m**2 + m. Let i be x(-1). Suppose 54*n = -2997 - 3645. Let w = i - n. What are the prime factors of w?
2, 5
Let i(p) = p**3 + 17*p**2 + 2*p + 34. Let f be i(-17). Suppose 53*v - 16*v - 30599 = f. What are the prime factors of v?
827
Suppose 0 = -9*l + 12*l - 9. Suppose -2*f - 30 = n - 218, 0 = l*f - 3*n - 264. Suppose -3*c + 262 = 2*t - 2, c + 2*t = f. What are the prime factors of c?
2, 43
List the prime factors of 11*(0 - (6 + -3 + 1036*-4)).
11, 41, 101
Suppose 5*s + 8*k = 2*k + 65854, -65896 = -5*s + k. List the prime factors of s.
2, 11, 599
Let o = 10 - -246. Suppose a + 4*n = 64, -4*a + 6*n = 2*n - o. Suppose -a - 33 = -b. List the prime factors of b.
97
Suppose 0 = -3*g + 3*l + 15, 3*l - 4*l + 15 = 4*g. Suppose -g*o = -3*v - 0*o + 673, 217 = v - 5*o. Let m = 322 - v. List the prime factors of m.
5, 19
Let r(h) = -h**2 - 12*h - 38. Let x be r(-8). List the prime factors of x/(-4*(-8)/(-3440)).
3, 5, 43
Let m(s) be the first derivative of -5*s**2/2 - 15*s - 3. Suppose 42 = 11*q - 17*q. List the prime factors of m(q).
2, 5
Let x(j) = -j**2 - 5*j - 4. Let i be x(-3). Suppose 0 = 4*y + f - 279, i*f = 5*y - 290 - 49. What are the prime factors of y?
3, 23
What are the prime factors of (22/55)/(1*6/30) - -31510?
2, 3, 13, 101
Suppose -10 = -7*v + 6*v. Let i = 21 - v. Suppose 244 = -9*u + i*u. What are the prime factors of u?
2, 61
Let h be 5/(((-5)/(-125))/1). Suppose 0 = -2*p + 19 + h. Let k = -21 + p. List the prime factors of k.
3, 17
Let q = 45367 - 18198. What are the prime factors of q?
101, 269
Suppose 2*o + 6 = 0, 2*y - 4*o = 12 + 4. Suppose 2*g = y*r + 494 + 1630, -g = 3*r - 1066. What are the prime factors of g?
1063
Suppose 0 = a - 3*n - 11025, 9*a - 4*a = 3*n + 55197. What are the prime factors of a?
3, 409
Suppose 0 = 2*z - 2*d - 8928, 9*d - 8*d = -z + 4456. What are the prime factors of z?
2, 5, 223
Suppose -3*q = -4*q - 5*p + 97, -328 = -4*q - 5*p. Let f = 89 - q. Suppose f*x - x - 781 = 0. What are the prime factors of x?
71
Let x be 6/(-15) + 119/35. Suppose -x*w + 19 = 5*f - 3*f, f + 1 = 2*w. Suppose 0*q = 4*q + w*p - 956, 5*p = -5*q + 1200. What are the prime factors of q?
2, 59
Let a(j) = 3346*j**2 - 43*j + 65. List the prime factors of a(2).
7, 23, 83
Suppose -3 - 1 = -d. Suppose 4*s - 65 = -z, -z - d*z - 4*s = -325. Suppose -i = -24 - z. List the prime factors of i.
89
Let c = -279 - -179. Let x be c/(-60) + (-8)/(-6). Suppose 3*t + 80 = 4*t + 4*i, -94 = -t + x*i. List the prime factors of t.
2, 11
Let d(j) = 66*j**2 + 5*j + 3. Let b be d(3). Let u be (1/(-3))/((-3)/b). Suppose -3*n - 192 = -4*v, 2*v - 2*n - 28 = u. List the prime factors of v.
2, 3
Suppose -m - 102 = y, 7*y - 2*m + 188 = 5*y. Let u be (-34 + 4)*2/3. Let k = u - y. List the prime factors of k.
2, 3, 13
Let c = 22366 + -12342. List the prime factors of c.
2, 7, 179
Suppose 2*f + f + 5*d - 22 = 0, 2*d = 3*f - 29. Suppose f*g = 401 + 490. List the prime factors of g.
3, 11
Let n(z) be the third derivative of -3*z**2 + 0*z + 0 - 1/2*z**3 - 1/8*z**4 + 11/30*z**5. What are the prime factors of n(-2)?
7, 13
Suppose a = 30*l - 28*l - 29642, -a - 44462 = -3*l. What are the prime factors of l?
2, 3, 5, 1